{"id":29,"date":"2024-03-14T14:17:25","date_gmt":"2024-03-14T13:17:25","guid":{"rendered":"https:\/\/www.assoejb.fr\/?page_id=29"},"modified":"2024-04-26T14:47:40","modified_gmt":"2024-04-26T12:47:40","slug":"castellare","status":"publish","type":"page","link":"https:\/\/www.assoejb.fr\/index.php\/castellare\/","title":{"rendered":"Castellare"},"content":{"rendered":"\n<hr class=\"wp-block-separator has-alpha-channel-opacity is-style-swt-separator-wide-thin-line\"\/>\n\n\n\n<div class=\"wp-block-uagb-container uagb-block-9a5ea2a6 alignfull uagb-is-root-container\"><div class=\"uagb-container-inner-blocks-wrap\">\n<div class=\"wp-block-group has-global-padding is-layout-constrained wp-block-group-is-layout-constrained\">\n<div class=\"wp-block-group has-global-padding is-layout-constrained wp-block-group-is-layout-constrained\">\n<h2 class=\"wp-block-heading has-text-align-center\"><mark style=\"background-color:rgba(0, 0, 0, 0);color:#ff0000\" class=\"has-inline-color\">Introduction<\/mark><\/h2>\n\n\n\n<p>Nous sommes partenaires de la commune de Castellare depuis plus de 15 ans, et proposons un accueil p\u00e9riscolaire aux enfants inscrits \u00e0 l\u2019\u00e9cole primaire de Saint Pancrace.<\/p>\n\n\n\n<p>Ainsi l&rsquo;association enfance et jeunesse de Biguglia propose des activit\u00e9s d\u2019animation, culturelles, sportives, artistiques ou tout simplement ludiques.<\/p>\n<\/div>\n\n\n\n<div class=\"wp-block-group has-global-padding is-layout-constrained wp-block-group-is-layout-constrained\">\n<h1 class=\"wp-block-heading has-text-align-center\"><mark style=\"background-color:rgba(0, 0, 0, 0);color:#ff0000\" class=\"has-inline-color\">Horaires d&rsquo;Ouverture<\/mark><\/h1>\n\n\n\n<h2 class=\"wp-block-heading has-text-align-center\">P\u00e9riscolaire<\/h2>\n\n\n\n<div class=\"wp-block-uagb-container uagb-block-b9a99cda alignfull uagb-is-root-container\"><div class=\"uagb-container-inner-blocks-wrap\">\n<div class=\"wp-block-uagb-container uagb-block-c89f16bc\">\n<div class=\"wp-block-group has-global-padding is-layout-constrained wp-block-group-is-layout-constrained\">\n<h5 class=\"wp-block-heading\">Ecole de Saint-Pancrace<\/h5>\n\n\n\n<ul class=\"wp-block-list\">\n<li>Le matin&nbsp;de 7h30 \u00e0 8h20<\/li>\n\n\n\n<li>Le midi&nbsp;de 12h30 \u00e0 13h30<\/li>\n\n\n\n<li>Le soir&nbsp;de 16h20 \u00e0 18h<\/li>\n<\/ul>\n<\/div>\n<\/div>\n\n\n\n<div class=\"wp-block-uagb-container uagb-block-fa5c8cd0 alignfull uagb-is-root-container\"><div class=\"uagb-container-inner-blocks-wrap\">\n<div class=\"wp-block-uagb-image uagb-block-d878a0f7 wp-block-uagb-image--layout-default wp-block-uagb-image--effect-static wp-block-uagb-image--align-none\"><figure class=\"wp-block-uagb-image__figure\"><img decoding=\"async\" srcset=\"https:\/\/www.assoejb.fr\/wp-content\/uploads\/2024\/04\/skate-page-001-removebg-preview.png ,https:\/\/www.assoejb.fr\/wp-content\/uploads\/2024\/04\/skate-page-001-removebg-preview.png 780w, https:\/\/www.assoejb.fr\/wp-content\/uploads\/2024\/04\/skate-page-001-removebg-preview.png 360w\" sizes=\"auto, (max-width: 480px) 150px\" src=\"https:\/\/www.assoejb.fr\/wp-content\/uploads\/2024\/04\/skate-page-001-removebg-preview.png\" alt=\"\" class=\"uag-image-858\" width=\"221\" height=\"115\" title=\"skate-page-001-removebg-preview\" loading=\"lazy\" role=\"img\"\/><\/figure><\/div>\n<\/div><\/div>\n<\/div><\/div>\n\n\n\n<p>L\u2019accueil &nbsp;p\u00e9riscolaire fonctionne tous les jours du lundi au vendredi<\/p>\n<\/div>\n\n\n\n<div class=\"wp-block-group has-global-padding is-layout-constrained wp-block-group-is-layout-constrained\">\n<h2 class=\"wp-block-heading has-text-align-center\"><mark style=\"background-color:rgba(0, 0, 0, 0);color:#ff0000\" class=\"has-inline-color\">Nos activit\u00e9s<\/mark><\/h2>\n\n\n\n<div class=\"wp-block-uagb-container uagb-block-d47a0673 alignfull uagb-is-root-container\"><div class=\"uagb-container-inner-blocks-wrap\">\n<div class=\"wp-block-uagb-container uagb-block-73e46c3e alignfull uagb-is-root-container\"><div class=\"uagb-container__shape uagb-container__shape-top\"><svg xmlns=\"https:\/\/www.w3.org\/2000\/svg\" viewBox=\"0 0 1000 100\" preserveAspectRatio=\"none\"><path class=\"uagb-container__shape-fill\" opacity=\"0.33\" d=\"M473,67.3c-203.9,88.3-263.1-34-320.3,0C66,119.1,0,59.7,0,59.7V0h1000v59.7 c0,0-62.1,26.1-94.9,29.3c-32.8,3.3-62.8-12.3-75.8-22.1C806,49.6,745.3,8.7,694.9,4.7S492.4,59,473,67.3z\"><\/path><path class=\"uagb-container__shape-fill\" opacity=\"0.66\" d=\"M734,67.3c-45.5,0-77.2-23.2-129.1-39.1c-28.6-8.7-150.3-10.1-254,39.1 s-91.7-34.4-149.2,0C115.7,118.3,0,39.8,0,39.8V0h1000v36.5c0,0-28.2-18.5-92.1-18.5C810.2,18.1,775.7,67.3,734,67.3z\"><\/path><path class=\"uagb-container__shape-fill\" d=\"M766.1,28.9c-200-57.5-266,65.5-395.1,19.5C242,1.8,242,5.4,184.8,20.6C128,35.8,132.3,44.9,89.9,52.5C28.6,63.7,0,0,0,0 h1000c0,0-9.9,40.9-83.6,48.1S829.6,47,766.1,28.9z\"><\/path><\/svg><\/div><div class=\"uagb-container__shape uagb-container__shape-bottom uagb-container__shape-above-content uagb-container__invert\" data-negative=\"false\"><svg xmlns=\"https:\/\/www.w3.org\/2000\/svg\" viewBox=\"0 0 1000 100\" preserveAspectRatio=\"none\"><path class=\"uagb-container__shape-fill\" opacity=\"0.33\" d=\"M473,67.3c-203.9,88.3-263.1-34-320.3,0C66,119.1,0,59.7,0,59.7V0h1000v59.7 c0,0-62.1,26.1-94.9,29.3c-32.8,3.3-62.8-12.3-75.8-22.1C806,49.6,745.3,8.7,694.9,4.7S492.4,59,473,67.3z\"><\/path><path class=\"uagb-container__shape-fill\" opacity=\"0.66\" d=\"M734,67.3c-45.5,0-77.2-23.2-129.1-39.1c-28.6-8.7-150.3-10.1-254,39.1 s-91.7-34.4-149.2,0C115.7,118.3,0,39.8,0,39.8V0h1000v36.5c0,0-28.2-18.5-92.1-18.5C810.2,18.1,775.7,67.3,734,67.3z\"><\/path><path class=\"uagb-container__shape-fill\" d=\"M766.1,28.9c-200-57.5-266,65.5-395.1,19.5C242,1.8,242,5.4,184.8,20.6C128,35.8,132.3,44.9,89.9,52.5C28.6,63.7,0,0,0,0 h1000c0,0-9.9,40.9-83.6,48.1S829.6,47,766.1,28.9z\"><\/path><\/svg><\/div><div class=\"uagb-container-inner-blocks-wrap\">\n<div class=\"wp-block-uagb-image uagb-block-da524692 wp-block-uagb-image--layout-default wp-block-uagb-image--effect-static wp-block-uagb-image--align-none\"><figure class=\"wp-block-uagb-image__figure\"><img decoding=\"async\" srcset=\"https:\/\/www.assoejb.fr\/wp-content\/uploads\/2024\/04\/foot-page-001-removebg-preview.png ,https:\/\/www.assoejb.fr\/wp-content\/uploads\/2024\/04\/foot-page-001-removebg-preview.png 780w, https:\/\/www.assoejb.fr\/wp-content\/uploads\/2024\/04\/foot-page-001-removebg-preview.png 360w\" sizes=\"auto, (max-width: 480px) 150px\" src=\"https:\/\/www.assoejb.fr\/wp-content\/uploads\/2024\/04\/foot-page-001-removebg-preview.png\" alt=\"\" class=\"uag-image-890\" width=\"420\" height=\"594\" title=\"foot-page-001-removebg-preview\" loading=\"lazy\" role=\"img\"\/><\/figure><\/div>\n<\/div><\/div>\n\n\n\n<div class=\"wp-block-uagb-container uagb-block-6053ec90\">\n<div class=\"wp-block-group has-global-padding is-layout-constrained wp-block-group-is-layout-constrained\">\n<ul class=\"wp-block-list\">\n<li>activit\u00e9s d\u2019expression : chant, danse, th\u00e9\u00e2tre\u2026<\/li>\n\n\n\n<li>Les jeux et grands jeux : jeux ext\u00e9rieurs, mini comp\u00e9tition, olympiades \u2026<\/li>\n\n\n\n<li>Les activit\u00e9s de d\u00e9couverte : cuisine, jardinage, lecture\u2026<\/li>\n\n\n\n<li>Activit\u00e9s cr\u00e9atives : arts plastiques, constructions, d\u00e9cors, films\u2026<\/li>\n<\/ul>\n<\/div>\n<\/div>\n<\/div><\/div>\n\n\n\n<p class=\"has-text-align-center\">Pour plus d&rsquo;information &#8211;&gt; <a href=\"https:\/\/www.assoejb.fr\/index.php\/contact\/\" data-type=\"page\" data-id=\"32\"><mark style=\"background-color:rgba(0, 0, 0, 0);color:#ff0000\" class=\"has-inline-color\">Contacter nous<\/mark><\/a><\/p>\n<\/div>\n\n\n\n<div class=\"wp-block-group has-global-padding is-layout-constrained wp-block-group-is-layout-constrained\">\n<h6 class=\"wp-block-heading has-text-align-center\">A l\u2019oppos\u00e9 d\u2019une d\u00e9marche d\u2019activit\u00e9s de consommation, l\u2019\u00e9quipe p\u00e9dagogique met en place des activit\u00e9s diversifi\u00e9es r\u00e9pondant aux besoins des enfants<\/h6>\n\n\n\n<h2 class=\"wp-block-heading has-text-align-center\">Vous voulez venir jouer avec nous ?<\/h2>\n\n\n\n<div class=\"wp-block-group is-content-justification-center is-nowrap is-layout-flex wp-container-core-group-is-layout-23441af8 wp-block-group-is-layout-flex\">\n<div class=\"wp-block-group has-global-padding is-layout-constrained wp-block-group-is-layout-constrained\">\n<div class=\"wp-block-buttons is-layout-flex wp-block-buttons-is-layout-flex\">\n<div class=\"wp-block-button\"><a class=\"wp-block-button__link wp-element-button\" href=\"https:\/\/www.assoejb.fr\/index.php\/reservation\/\">Je suis Inscrit <br>Je r\u00e9serve<\/a><\/div>\n<\/div>\n<\/div>\n\n\n\n<div style=\"height:100px;width:0px\" aria-hidden=\"true\" class=\"wp-block-spacer wp-container-content-6388d5dc\"><\/div>\n\n\n\n<div class=\"wp-block-group has-global-padding is-layout-constrained wp-block-group-is-layout-constrained\">\n<div class=\"wp-block-buttons is-layout-flex wp-block-buttons-is-layout-flex\">\n<div class=\"wp-block-button\"><a class=\"wp-block-button__link wp-element-button\" href=\"https:\/\/www.assoejb.fr\/index.php\/inscription\/\">Je souhaite inscrire <br>mon enfant<\/a><\/div>\n<\/div>\n<\/div>\n<\/div>\n<\/div>\n<\/div>\n<\/div><\/div>\n","protected":false},"excerpt":{"rendered":"<p>Introduction Nous sommes partenaires de la commune de Castellare depuis plus de 15 ans, et proposons un accueil p\u00e9riscolaire aux enfants inscrits \u00e0 l\u2019\u00e9cole primaire de Saint Pancrace. Ainsi l&rsquo;association enfance et jeunesse de Biguglia propose des activit\u00e9s d\u2019animation, culturelles, sportives, artistiques ou tout simplement ludiques. Horaires d&rsquo;Ouverture P\u00e9riscolaire Ecole de Saint-Pancrace L\u2019accueil &nbsp;p\u00e9riscolaire fonctionne [&hellip;]<\/p>\n","protected":false},"author":1,"featured_media":0,"parent":0,"menu_order":0,"comment_status":"closed","ping_status":"closed","template":"","meta":{"_uag_custom_page_level_css":"","_swt_meta_header_display":false,"_swt_meta_footer_display":false,"_swt_meta_site_title_display":true,"_swt_meta_sticky_header":false,"_swt_meta_transparent_header":false,"footnotes":""},"class_list":["post-29","page","type-page","status-publish","hentry"],"uagb_featured_image_src":{"full":false,"thumbnail":false,"medium":false,"medium_large":false,"large":false,"1536x1536":false,"2048x2048":false},"uagb_author_info":{"display_name":"edouardporet","author_link":"https:\/\/www.assoejb.fr\/index.php\/author\/edouardporet\/"},"uagb_comment_info":0,"uagb_excerpt":"Introduction Nous sommes partenaires de la commune de Castellare depuis plus de 15 ans, et proposons un accueil p\u00e9riscolaire aux enfants inscrits \u00e0 l\u2019\u00e9cole primaire de Saint Pancrace. Ainsi l&rsquo;association enfance et jeunesse de Biguglia propose des activit\u00e9s d\u2019animation, culturelles, sportives, artistiques ou tout simplement ludiques. Horaires d&rsquo;Ouverture P\u00e9riscolaire Ecole de Saint-Pancrace L\u2019accueil &nbsp;p\u00e9riscolaire fonctionne\u2026","_links":{"self":[{"href":"https:\/\/www.assoejb.fr\/index.php\/wp-json\/wp\/v2\/pages\/29","targetHints":{"allow":["GET"]}}],"collection":[{"href":"https:\/\/www.assoejb.fr\/index.php\/wp-json\/wp\/v2\/pages"}],"about":[{"href":"https:\/\/www.assoejb.fr\/index.php\/wp-json\/wp\/v2\/types\/page"}],"author":[{"embeddable":true,"href":"https:\/\/www.assoejb.fr\/index.php\/wp-json\/wp\/v2\/users\/1"}],"replies":[{"embeddable":true,"href":"https:\/\/www.assoejb.fr\/index.php\/wp-json\/wp\/v2\/comments?post=29"}],"version-history":[{"count":36,"href":"https:\/\/www.assoejb.fr\/index.php\/wp-json\/wp\/v2\/pages\/29\/revisions"}],"predecessor-version":[{"id":920,"href":"https:\/\/www.assoejb.fr\/index.php\/wp-json\/wp\/v2\/pages\/29\/revisions\/920"}],"wp:attachment":[{"href":"https:\/\/www.assoejb.fr\/index.php\/wp-json\/wp\/v2\/media?parent=29"}],"curies":[{"name":"wp","href":"https:\/\/api.w.org\/{rel}","templated":true}]}}